 1313626?
1314311
In base 4, what is -3 + 13031122012333?
13031122012330
In base 16, what is -5 + 13535c9?
13535c4
In base 8, what is 3 - -335603373?
335603376
In base 5, what is -1 - -433432000?
433431444
In base 14, what is -71 - -137757?
1376c6
In base 10, what is -637302 - 146?
-637448
In base 6, what is -11244 + -1150114?
-1201402
In base 16, what is -b + 7f215?
7f20a
In base 15, what is -38a6e5a + 0?
-38a6e5a
In base 4, what is 232 - 1023020033?
-1023013201
In base 3, what is -1001112022021210 + -12?
-1001112022021222
In base 12, what is 4966060 - 1?
496605b
In base 8, what is -5206654 - -11?
-5206643
In base 10, what is -42515 + 344?
-42171
In base 9, what is 3 - -88307563?
88307566
In base 5, what is 114340 + 1414?
121304
In base 11, what is -167 - 127a5?
-12961
In base 7, what is 2030664444 + 3?
2030664450
In base 6, what is -1550001153 + 1?
-1550001152
In base 5, what is 422111141 - 1142?
422104444
In base 5, what is -1003024322220 - 10?
-1003024322230
In base 4, what is -12133003020 + -200?
-12133003220
In base 11, what is 19a4a + 6736?
25685
In base 11, what is 846 + -239138?
-2383a2
In base 9, what is 0 - -10020884?
10020884
In base 8, what is 2717 - -21150?
24067
In base 7, what is 1023505 - 6?
1023466
In base 12, what is -4 - 59b5b30?
-59b5b34
In base 5, what is 4301140101 + 0?
4301140101
In base 2, what is -1000110010 + 1000011101101101?
1000010100111011
In base 13, what is 555 - 17498?
-16c43
In base 10, what is 5 - -9960622?
9960627
In base 13, what is -4cbb + 7695?
26a7
In base 5, what is 412322 + 3133300?
4101122
In base 16, what is 2adc4ed + 2?
2adc4ef
In base 15, what is 7 - -2136b1?
2136b8
In base 7, what is -12404 - -3633?
-5441
In base 2, what is 1011001010110101100 - -10011101?
1011001011001001001
In base 6, what is 5 + 11442034251?
11442034300
In base 8, what is -53 + -14230417?
-14230472
In base 16, what is -757 - 9136?
-988d
In base 7, what is -61114126 - 45?
-61114204
In base 14, what is 7b8c + -297?
78d5
In base 8, what is -27001537 + 2?
-27001535
In base 8, what is 32 + 103762421?
103762453
In base 9, what is -844114 - -41?
-844063
In base 4, what is 321 + -12301121?
-12300200
In base 14, what is 44cb6 + -31?
44c85
In base 3, what is 1100021110 + 101122?
1100200002
In base 7, what is -122500 - -1512?
-120655
In base 15, what is -544019 - -2?
-544017
In base 8, what is 47 + 426540?
426607
In base 14, what is -2769a47 + -3?
-2769a4a
In base 5, what is 332223021 + -413?
332222103
In base 14, what is da61 - -301?
dd62
In base 13, what is 0 + 14b3525?
14b3525
In base 5, what is -3114043313 + -10?
-3114043323
In base 3, what is -22102100 - 1210001021?
-2002110121
In base 6, what is 523531130054 - 0?
523531130054
In base 4, what is 11 + -2123030122?
-2123030111
In base 10, what is 110077426 - 0?
110077426
In base 8, what is 121260 + -447?
120611
In base 8, what is 1266725 - 167?
1266536
In base 14, what is 1a3 + 168163?
168326
In base 3, what is -10 - -112121220000?
112121212220
In base 3, what is 1020011010121110201 - 11?
1020011010121110120
In base 4, what is -3021 - 11100201022?
-11100210103
In base 11, what is 62 + 914a?
9201
In base 3, what is 1021022111 - 210021010?
111001101
In base 9, what is 361136460 + -3?
361136456
In base 7, what is -1504364 + -1003?
-1505400
In base 10, what is -61610 + 69?
-61541
In base 6, what is 111520324 + 1?
111520325
In base 16, what is -1a91 - 244?
-1cd5
In base 8, what is 36354065 - -3?
36354070
In base 15, what is -39be7ac + 2?
-39be7aa
In base 13, what is -5 - 490886?
-49088b
In base 15, what is 2e8 + -275d?
-2465
In base 5, what is 422 - 100000310?
-44444333
In base 14, what is 0 + 3369d9c?
3369d9c
In base 10, what is 4 + -130767558?
-130767554
In base 11, what is 11256655 + -5?
11256650
In base 3, what is 1021210220120210 + -1?
1021210220120202
In base 10, what is -9909 + 2614?
-7295
In base 15, what is -1cc7a768 - -1?
-1cc7a767
In base 11, what is 7a47283 + -3?
7a47280
In base 5, what is -214 + 43313310?
43313041
In base 12, what is 33 - 168217?
-1681a4
In base 14, what is -1a4 - 40c09?
-40dad
In base 7, what is 506 - -536001?
536510
In base 2, what is -100100111111110100 - 1010101?
-100101000001001001
In base 11, what is 95 - -639787?
639871
In base 11, what is -84187 - 1279?
-85455
In base 4, what is -201021110322231 - 1?
-201021110322232
In base 8, what is -104574 - -7306?
-75266
In base 14, what is 15cb79 - -74?
15cc0d
In base 3, what is 2001011002110 - 10101?
2001010222002
In base 3, what is -1012222022212022211 + -11?
-1012222022212022222
In base 9, what is 4287455 + 1?
4287456
In base 2, what is 11 - -10010001001011010111111?
10010001001011011000010
In base 14, what is -4b - db9a55?
-db9aa2
In base 7, what is 4121140401 + 0?
4121140401
In base 7, what is 161 + 6506104?
6506265
In base 16, what is 9bb919 - 15?
9bb904
In base 15, what is -c + -27986b?
-279878
In base 13, what is -a3c97 - b?
-a3ca5
In base 11, what is -2 - -49a57578?
49a57576
In base 14, what is -1ba31b12 - -2?
-1ba31b10
In base 16, what is 11dd2 + -3?
11dcf
In base 11, what is -286 + -2a4976?
-2a5151
In base 10, what is -39 + -25891?
-25930
In base 16, what is -34bde46 - -5?
-34bde41
In base 7, what is -31 + 320205?
320144
In base 8, what is 164431 - -552?
165203
In base 11, what is 546942 + -1a5?
546748
In base 4, what is 200323 + -13310213?
-13103230
In base 16, what is 2 + -a36c?
-a36a
In base 5, what is 131 + 24242333022?
24242333203
In base 14, what is -61 - -49926?
498a5
In base 3, what is -121100010220221 + -1021?
-121100010222012
In base 13, what is -c + -79375?
-79384
In base 9, what is -123037042 - 5?
-123037047
In base 4, what is -12 - -11130031111?
11130031033
In base 8, what is 4 - -35244262?
35244266
In base 12, what is 19b + 1684b5?
168694
In base 8, what is -44406 - 50331?
-114737
In base 12, what is -51ba8205 + 4?
-51ba8201
In base 7, what is 34364224 + 16?
34364243
In base 16, what is -6 - -63ff?
63f9
In base 11, what is 408 + -76aa?
-72a2
In base 11, what is -5 - -13755345?
13755340
In base 10, what is -101 - 355278?
-355379
In base 7, what is 1 + -13224304?
-13224303
In base 10, what is 1462203 - -5?
1462208
In base 6, what is -4053 - 1415?
-5512
In base 7, what is -436216 + 12615?
-423301
In base 6, what is -212 - -144241313?
144241101
In base 9, what is 1081880504 + 4?
1081880508
In base 15, what is 20cb7 - a?
20cac
In base 3, what is 202 - -111202221021?
111202222000
In base 10, what is -44883 - -776?
-44107
In base 5, what is 221402 - 124234?
42113
In base 5, what is 13 + 42312443?
42313011
In base 9, what is 41788883 + -17?
41788865
In base 6, what is -251054523 - 25?
-251054552
In base 9, what is -3 - -20176420?
20176416
In base 6, what is -22424202424 + -5?
-22424202433
In base 3, what is -102222022010010212 - 0?
-102222022010010212
In base 14, what is 4 - -14d9699?
14d969d
In base 15, what is 5 + -30131d?
-301318
In base 7, what is 2522545 - 1160?
2521355
In base 14, what is 20d43 + -4c8?
20859
In base 7, what is 1644313 - 2?
1644311
In base 13, what is -47b - -79c8?
754a
In base 9, what is 4 - -2544640?
2544644
In base 6, what is -405255113 - -14?
-405255055
In base 16, what is 6 - 56fdd?
-56fd7
In base 9, what is -2673182 - 85?
-2673277
In base 5, what is 3443443 + 2024?
4001022
In base 13, what is -199c0 + -17a0?
-1b490
In base 7, what is 12261 - 55235?
-42644
In base 2, what is 101 + -1010000101001010101010100?
-1010000101001010101001111
In base 13, what is 87 + 1a522?
1a5a9
In base 6, what is -321544050 - 14?
-321544104
In base 13, what is 3a32b94a + -3?
3a32b947
In base 6, what is -1 + -21040254?
-21040255
In base 9, what is -5510 - -2477?
-3022
In base 13, what is -294c - 8a16?
-b665
In base 11, what is 8710 - 364?
8357
In base 2, what is -101 + -1010101010111100100100111100?
-1010101010111100100101000001
In base 6, what is -3341114 - -313?
-3340401
In base 15, what is -1c3611b - 0?
-1c3611b
In base 6, what is -254502 + -4203?
-303105
In base 7, what is 36 + -2506116?
-2506050
In base 4, what is 110 - 113012331331?
-113012331221
In base 5, what is 32413011 + -444?
32412012
In base 4, what is -11333212212 + -30?
-11333212302
In base 7, what is 5 + 320621411?
320621416
In base 8, what is -13022 + -276763?
-312005
In base 8, what is -677163 + 1725?
-675236
In base 14,